{"id":582,"date":"2024-03-15T03:56:23","date_gmt":"2024-03-15T02:56:23","guid":{"rendered":"https:\/\/termotecnica.com.co\/www\/?page_id=582"},"modified":"2024-10-22T09:10:38","modified_gmt":"2024-10-22T14:10:38","slug":"medio-ambiente","status":"publish","type":"page","link":"https:\/\/termotecnica.com.co\/index.php\/medio-ambiente\/","title":{"rendered":"Medio Ambiente"},"content":{"rendered":"\n  \n    \n    <section class=\"u-carousel u-slide u-block-b6d2-1\" id=\"carousel-ba66\" data-interval=\"5000\" data-u-ride=\"carousel\">\n      <ol class=\"u-absolute-hcenter u-carousel-indicators u-block-b6d2-2\">\n        <li data-u-target=\"#carousel-ba66\" class=\"u-active u-grey-30\" data-u-slide-to=\"0\"><\/li>\n      <\/ol>\n      <div class=\"u-carousel-inner\" role=\"listbox\">\n        <div class=\"u-active u-align-center u-carousel-item u-clearfix u-image u-shading u-section-2-1\" data-image-width=\"666\" data-image-height=\"285\" style=\"background-image: linear-gradient(0deg, rgba(0, 0, 0, 0.6), rgba(0, 0, 0, 0.6)), url(&quot;https:\/\/termotecnica.com.co\/wp-content\/uploads\/2024\/03\/CapturadePantalla2024-03-13alas5.35.12p.m.png&quot;);\">\n          <div class=\"u-clearfix u-sheet u-valign-middle u-sheet-1\">\n            <h3 class=\"u-align-center u-text u-text-default u-text-1\">Medio Ambiente<\/h3>\n          <\/div>\n        <\/div>\n      <\/div>\n      <a class=\"u-absolute-vcenter u-carousel-control u-carousel-control-prev u-hidden u-text-grey-30 u-block-b6d2-3\" href=\"#carousel-ba66\" role=\"button\" data-u-slide=\"prev\">\n        <span aria-hidden=\"true\">\n          <svg class=\"u-svg-link\" viewBox=\"0 0 477.175 477.175\"><path d=\"M145.188,238.575l215.5-215.5c5.3-5.3,5.3-13.8,0-19.1s-13.8-5.3-19.1,0l-225.1,225.1c-5.3,5.3-5.3,13.8,0,19.1l225.1,225\n                    c2.6,2.6,6.1,4,9.5,4s6.9-1.3,9.5-4c5.3-5.3,5.3-13.8,0-19.1L145.188,238.575z\"><\/path><\/svg>\n        <\/span>\n        <span class=\"sr-only\">Previous<\/span>\n      <\/a>\n      <a class=\"u-absolute-vcenter u-carousel-control u-carousel-control-next u-hidden u-text-grey-30 u-block-b6d2-4\" href=\"#carousel-ba66\" role=\"button\" data-u-slide=\"next\">\n        <span aria-hidden=\"true\">\n          <svg class=\"u-svg-link\" viewBox=\"0 0 477.175 477.175\"><path d=\"M360.731,229.075l-225.1-225.1c-5.3-5.3-13.8-5.3-19.1,0s-5.3,13.8,0,19.1l215.5,215.5l-215.5,215.5\n                    c-5.3,5.3-5.3,13.8,0,19.1c2.6,2.6,6.1,4,9.5,4c3.4,0,6.9-1.3,9.5-4l225.1-225.1C365.931,242.875,365.931,234.275,360.731,229.075z\"><\/path><\/svg>\n        <\/span>\n        <span class=\"sr-only\">Siguiente<\/span>\n      <\/a>\n    <\/section>\n    <section class=\"u-align-center u-clearfix u-grey-5 u-section-3\" id=\"sec-2cf5\">\n      <div class=\"u-clearfix u-sheet u-sheet-1\">\n        <h3 class=\"u-text u-text-default u-text-1\"> Nuestro Compromiso con el Medio Ambiente&nbsp;<\/h3>\n        <div class=\"u-carousel u-gallery u-layout-carousel u-lightbox u-no-transition u-show-text-always u-gallery-1\" data-interval=\"5000\" data-u-ride=\"carousel\" id=\"carousel-d36d\">\n          <ol class=\"u-absolute-hcenter u-carousel-indicators u-carousel-indicators-1\">\n            <li data-u-target=\"#carousel-d36d\" data-u-slide-to=\"0\" class=\"u-active u-grey-70 u-shape-circle\" style=\"width: 10px; height: 10px;\"><\/li>\n            <li data-u-target=\"#carousel-d36d\" data-u-slide-to=\"1\" class=\"u-grey-70 u-shape-circle\" style=\"width: 10px; height: 10px;\"><\/li>\n            <li data-u-target=\"#carousel-d36d\" data-u-slide-to=\"2\" class=\"u-grey-70 u-shape-circle\" style=\"width: 10px; height: 10px;\"><\/li>\n            <li data-u-target=\"#carousel-d36d\" data-u-slide-to=\"3\" class=\"u-grey-70 u-shape-circle\" style=\"width: 10px; height: 10px;\"><\/li>\n            <li data-u-target=\"#carousel-d36d\" data-u-slide-to=\"4\" class=\"u-grey-70 u-shape-circle\" style=\"width: 10px; height: 10px;\"><\/li>\n            <li data-u-target=\"#carousel-d36d\" data-u-slide-to=\"5\" class=\"u-grey-70 u-shape-circle\" style=\"width: 10px; height: 10px;\"><\/li>\n            <li data-u-target=\"#carousel-d36d\" data-u-slide-to=\"6\" class=\"u-grey-70 u-shape-circle\" style=\"width: 10px; height: 10px;\"><\/li>\n          <\/ol>\n          <div class=\"u-carousel-inner u-gallery-inner\" role=\"listbox\">\n            <div class=\"u-active u-carousel-item u-gallery-item\">\n              <div class=\"u-back-slide\" data-image-width=\"1250\" data-image-height=\"889\">\n                <img decoding=\"async\" class=\"u-back-image u-expanded\" src=\"https:\/\/termotecnica.com.co\/wp-content\/uploads\/2024\/06\/Imagen1.png\">\n              <\/div>\n              <div class=\"u-grey-80 u-over-slide u-over-slide-1\">\n                <h4 class=\"u-align-left u-gallery-heading\">Proyecto COTEMA<\/h4>\n                <p class=\"u-align-left u-gallery-text\" style=\"font-weight: 700; background-image: none; margin-top: 0px;\">Rescate y reubicaci\u00f3n de Fauna silvestre (Tortuga caimana - Chelydra acutirostris), Corregimiento: Nueva Colonia,  Turbo \u2013 Antioquia.<br>\n                <\/p>\n              <\/div>\n            <\/div>\n            <div class=\"u-carousel-item u-gallery-item\">\n              <div class=\"u-back-slide\" data-image-width=\"1189\" data-image-height=\"891\">\n                <img decoding=\"async\" class=\"u-back-image u-expanded\" src=\"https:\/\/termotecnica.com.co\/wp-content\/uploads\/2024\/06\/Imagen2.png\">\n              <\/div>\n              <div class=\"u-grey-80 u-over-slide u-over-slide-2\">\n                <h4 class=\"u-align-left u-gallery-heading\">Proyecto COTEMA<\/h4>\n                <p class=\"u-align-left u-gallery-text\" style=\"font-weight: 700; background-image: none; margin-top: 0px;\">Liberaci\u00f3n de Fauna silvestre (Tamandua \u2013 Tamandua mexicana), Corregimiento: Nueva Colonia,  Turbo \u2013 Antioquia.<\/p>\n              <\/div>\n            <\/div>\n            <div class=\"u-carousel-item u-gallery-item\" data-image-width=\"827\" data-image-height=\"997\">\n              <div class=\"u-back-slide\">\n                <img decoding=\"async\" class=\"u-back-image u-expanded u-back-image-3\" src=\"https:\/\/termotecnica.com.co\/wp-content\/uploads\/2024\/06\/Imagen4.png\" alt=\"Proyecto Pozos Colorados\">\n              <\/div>\n              <div class=\"u-grey-80 u-over-slide u-over-slide-3\">\n                <h4 class=\"u-align-left u-gallery-heading\">Proyecto Pozos Colorados<\/h4>\n                <p class=\"u-align-left u-gallery-text\" style=\"font-weight: 700; background-image: none; margin-top: 0px;\">Jornada de Toma de conciencia ambiental con nuestros colaboradores, celebrando el del d\u00eda mundial del medio ambiente, Santa Marta, Magdalena.<\/p>\n              <\/div>\n              <style data-mode=\"XL\"><\/style>\n              <style data-mode=\"LG\"><\/style>\n              <style data-mode=\"MD\"><\/style>\n              <style data-mode=\"SM\"><\/style>\n              <style data-mode=\"XS\"><\/style>\n            <\/div>\n            <div class=\"u-carousel-item u-gallery-item\" data-image-width=\"1354\" data-image-height=\"922\">\n              <div class=\"u-back-slide\">\n                <img decoding=\"async\" class=\"u-back-image u-expanded\" src=\"https:\/\/termotecnica.com.co\/wp-content\/uploads\/2024\/06\/Imagen5.png\" alt=\"Proyecto MAR2\">\n              <\/div>\n              <div class=\"u-grey-80 u-over-slide u-over-slide-4\">\n                <h4 class=\"u-align-left u-gallery-heading\">Proyecto MAR2<\/h4>\n                <p class=\"u-align-left u-gallery-text\" style=\"font-weight: 700; background-image: none; margin-top: 0px;\">Construcci\u00f3n de obras hidr\u00e1ulicas para el manejo de aguas lluvias en Zona de disposici\u00f3n de material de Excavaci\u00f3n \u2013 ZODME, Ca\u00f1asgordas, Antioquia<\/p>\n              <\/div>\n              <style data-mode=\"XL\"><\/style>\n              <style data-mode=\"LG\"><\/style>\n              <style data-mode=\"MD\"><\/style>\n              <style data-mode=\"SM\"><\/style>\n              <style data-mode=\"XS\"><\/style>\n            <\/div>\n            <div class=\"u-carousel-item u-gallery-item\" data-image-width=\"1577\" data-image-height=\"835\">\n              <div class=\"u-back-slide\" data-image-width=\"888\" data-image-height=\"470\">\n                <img decoding=\"async\" class=\"u-back-image u-expanded\" src=\"https:\/\/termotecnica.com.co\/wp-content\/uploads\/2024\/07\/mono-1.png\" alt=\"Proyecto COTEMA \">\n              <\/div>\n              <div class=\"u-grey-80 u-over-slide u-over-slide-5\">\n                <h4 class=\"u-align-left u-gallery-heading\">Proyecto COTEMA <\/h4>\n                <p class=\"u-align-left u-gallery-text\" style=\"font-weight: 700; background-image: none; margin-top: 0px;\">Mono Capuchino (Cebus capucinus) usando el paso de fauna elevado, Corregimiento: Nueva Colonia,  Turbo \u2013 Antioquia.<\/p>\n              <\/div>\n              <style data-mode=\"XL\"><\/style>\n              <style data-mode=\"LG\"><\/style>\n              <style data-mode=\"MD\"><\/style>\n              <style data-mode=\"SM\"><\/style>\n              <style data-mode=\"XS\"><\/style>\n            <\/div>\n            <div class=\"u-carousel-item u-gallery-item\" data-image-width=\"1250\" data-image-height=\"839\">\n              <div class=\"u-back-slide\">\n                <img decoding=\"async\" class=\"u-back-image u-expanded\" src=\"https:\/\/termotecnica.com.co\/wp-content\/uploads\/2024\/06\/Imagen9.png\" alt=\"Proyecto Consorcio San Francisco\">\n              <\/div>\n              <div class=\"u-grey-80 u-over-slide u-over-slide-6\">\n                <h4 class=\"u-align-left u-gallery-heading\">Proyecto Consorcio San Francisco<\/h4>\n                <p class=\"u-align-left u-gallery-text\" style=\"font-weight: 700; background-image: none; margin-top: 0px;\">Apoyo a la gesti\u00f3n institucional por medio de visita de estudiantes de Ingenieria Ambiental, del Instituto tecnol\u00f3gico del Putumayo. Municipio de San Francisco, Putumayo<\/p>\n              <\/div>\n              <style data-mode=\"XL\"><\/style>\n              <style data-mode=\"LG\"><\/style>\n              <style data-mode=\"MD\"><\/style>\n              <style data-mode=\"SM\"><\/style>\n              <style data-mode=\"XS\"><\/style>\n            <\/div>\n            <div class=\"u-carousel-item u-gallery-item\" data-image-width=\"1200\" data-image-height=\"902\">\n              <div class=\"u-back-slide\">\n                <img decoding=\"async\" class=\"u-back-image u-expanded\" src=\"https:\/\/termotecnica.com.co\/wp-content\/uploads\/2024\/06\/Imagen11.png\" alt=\"Consorcio San Francisco\">\n              <\/div>\n              <div class=\"u-grey-80 u-over-slide u-over-slide-7\">\n                <h4 class=\"u-align-left u-gallery-heading\">Consorcio San Francisco<\/h4>\n                <p class=\"u-align-left u-gallery-text\" style=\"font-weight: 700; background-image: none; margin-top: 0px;\">Apoyo a la gesti\u00f3n Institucional, visita del consejo municipal de San Francisco, Putumayo<\/p>\n              <\/div>\n              <style data-mode=\"XL\"><\/style>\n              <style data-mode=\"LG\"><\/style>\n              <style data-mode=\"MD\"><\/style>\n              <style data-mode=\"SM\"><\/style>\n              <style data-mode=\"XS\"><\/style>\n            <\/div>\n          <\/div>\n          <a class=\"u-absolute-vcenter u-carousel-control u-carousel-control-prev u-grey-70 u-icon-circle u-opacity u-opacity-70 u-spacing-10 u-text-white u-carousel-control-1\" href=\"#carousel-d36d\" role=\"button\" data-u-slide=\"prev\">\n            <span aria-hidden=\"true\">\n              <svg viewBox=\"0 0 451.847 451.847\"><path d=\"M97.141,225.92c0-8.095,3.091-16.192,9.259-22.366L300.689,9.27c12.359-12.359,32.397-12.359,44.751,0\nc12.354,12.354,12.354,32.388,0,44.748L173.525,225.92l171.903,171.909c12.354,12.354,12.354,32.391,0,44.744\nc-12.354,12.365-32.386,12.365-44.745,0l-194.29-194.281C100.226,242.115,97.141,234.018,97.141,225.92z\"><\/path><\/svg>\n            <\/span>\n            <span class=\"sr-only\">\n              <svg viewBox=\"0 0 451.847 451.847\"><path d=\"M97.141,225.92c0-8.095,3.091-16.192,9.259-22.366L300.689,9.27c12.359-12.359,32.397-12.359,44.751,0\nc12.354,12.354,12.354,32.388,0,44.748L173.525,225.92l171.903,171.909c12.354,12.354,12.354,32.391,0,44.744\nc-12.354,12.365-32.386,12.365-44.745,0l-194.29-194.281C100.226,242.115,97.141,234.018,97.141,225.92z\"><\/path><\/svg>\n            <\/span>\n          <\/a>\n          <a class=\"u-absolute-vcenter u-carousel-control u-carousel-control-next u-grey-70 u-icon-circle u-opacity u-opacity-70 u-spacing-10 u-text-white u-carousel-control-2\" href=\"#carousel-d36d\" role=\"button\" data-u-slide=\"next\">\n            <span aria-hidden=\"true\">\n              <svg viewBox=\"0 0 451.846 451.847\"><path d=\"M345.441,248.292L151.154,442.573c-12.359,12.365-32.397,12.365-44.75,0c-12.354-12.354-12.354-32.391,0-44.744\nL278.318,225.92L106.409,54.017c-12.354-12.359-12.354-32.394,0-44.748c12.354-12.359,32.391-12.359,44.75,0l194.287,194.284\nc6.177,6.18,9.262,14.271,9.262,22.366C354.708,234.018,351.617,242.115,345.441,248.292z\"><\/path><\/svg>\n            <\/span>\n            <span class=\"sr-only\">\n              <svg viewBox=\"0 0 451.846 451.847\"><path d=\"M345.441,248.292L151.154,442.573c-12.359,12.365-32.397,12.365-44.75,0c-12.354-12.354-12.354-32.391,0-44.744\nL278.318,225.92L106.409,54.017c-12.354-12.359-12.354-32.394,0-44.748c12.354-12.359,32.391-12.359,44.75,0l194.287,194.284\nc6.177,6.18,9.262,14.271,9.262,22.366C354.708,234.018,351.617,242.115,345.441,248.292z\"><\/path><\/svg>\n            <\/span>\n          <\/a>\n        <\/div>\n      <\/div>\n    <\/section>\n    <section class=\"u-clearfix u-color-scheme-u10 u-container-align-center u-grey-5 u-section-4\" id=\"carousel_11b2\">\n      <div class=\"u-clearfix u-sheet u-sheet-1\">\n        <div class=\"data-layout-selected u-clearfix u-expanded-width u-grey-5 u-gutter-0 u-layout-wrap u-layout-wrap-1\">\n          <div class=\"u-gutter-0 u-layout\">\n            <div class=\"u-layout-row\">\n              <div class=\"u-size-NaN\">\n                <div class=\"u-layout-col\">\n                  <div class=\"u-align-justify u-container-align-left u-container-style u-layout-cell u-right-cell u-size-60 u-layout-cell-1\">\n                    <div class=\"u-container-layout u-container-layout-1\">\n                      <p class=\"u-text u-text-1\"> Nos ha llevado a integrar pr\u00e1cticas de desarrollo sostenible,\nfocalizando nuestros esfuerzos la reducci\u00f3n de la huella de carbono por la\nemisi\u00f3n de gases efecto invernadero generados en nuestra operaci\u00f3n, para lo\ncual integramos nuevas tecnolog\u00edas y materiales amigables con el ambiente, con\nlo cual hemos podido medir, controlar y compensar nuestras emisiones bajo el\nmarco del est\u00e1ndar ISO 14064-1: 2018, para el a\u00f1o 2023.&nbsp;\n&nbsp;\nPromovemos la utilizaci\u00f3n de\ntecnolog\u00edas limpias, que promueve la reutilizaci\u00f3n de recursos y la gesti\u00f3n\nresponsable de residuos, separando los residuos y reintegrando al ciclo producto\naquellos que son susceptibles de aprovechamiento. &nbsp;Participamos\nactivamente en programas comunitarios de educaci\u00f3n ambiental, fomentando una\ncultura de conservaci\u00f3n entre sus empleados y la sociedad.&nbsp;&nbsp;<\/p>\n                    <\/div>\n                  <\/div>\n                <\/div>\n              <\/div>\n            <\/div>\n          <\/div>\n        <\/div>\n      <\/div>\n    <\/section>\n    \n    \n    \n  \n","protected":false},"excerpt":{"rendered":"<p>Medio Ambiente Previous Siguiente Nuestro Compromiso con el Medio Ambiente&nbsp; Proyecto COTEMA Rescate y reubicaci\u00f3n de Fauna silvestre (Tortuga caimana &#8211; Chelydra acutirostris), Corregimiento: Nueva Colonia, Turbo \u2013 Antioquia. Proyecto COTEMA Liberaci\u00f3n de Fauna silvestre (Tamandua \u2013 Tamandua mexicana), Corregimiento: Nueva Colonia, Turbo \u2013 Antioquia. Proyecto Pozos Colorados Jornada de Toma de conciencia ambiental con &hellip; <a href=\"https:\/\/termotecnica.com.co\/index.php\/medio-ambiente\/\" class=\"more-link\">Continue reading<span class=\"screen-reader-text\"> \u00abMedio Ambiente\u00bb<\/span><\/a><\/p>\n","protected":false},"author":1,"featured_media":0,"parent":0,"menu_order":0,"comment_status":"closed","ping_status":"closed","template":"","meta":{"footnotes":""},"_links":{"self":[{"href":"https:\/\/termotecnica.com.co\/index.php\/wp-json\/wp\/v2\/pages\/582"}],"collection":[{"href":"https:\/\/termotecnica.com.co\/index.php\/wp-json\/wp\/v2\/pages"}],"about":[{"href":"https:\/\/termotecnica.com.co\/index.php\/wp-json\/wp\/v2\/types\/page"}],"author":[{"embeddable":true,"href":"https:\/\/termotecnica.com.co\/index.php\/wp-json\/wp\/v2\/users\/1"}],"replies":[{"embeddable":true,"href":"https:\/\/termotecnica.com.co\/index.php\/wp-json\/wp\/v2\/comments?post=582"}],"version-history":[{"count":24,"href":"https:\/\/termotecnica.com.co\/index.php\/wp-json\/wp\/v2\/pages\/582\/revisions"}],"predecessor-version":[{"id":1350,"href":"https:\/\/termotecnica.com.co\/index.php\/wp-json\/wp\/v2\/pages\/582\/revisions\/1350"}],"wp:attachment":[{"href":"https:\/\/termotecnica.com.co\/index.php\/wp-json\/wp\/v2\/media?parent=582"}],"curies":[{"name":"wp","href":"https:\/\/api.w.org\/{rel}","templated":true}]}}