{"id":121,"date":"2024-02-12T16:39:09","date_gmt":"2024-02-12T15:39:09","guid":{"rendered":"https:\/\/termotecnica.com.co\/www\/?page_id=121"},"modified":"2024-10-22T08:11:39","modified_gmt":"2024-10-22T13:11:39","slug":"historia","status":"publish","type":"page","link":"https:\/\/termotecnica.com.co\/index.php\/historia\/","title":{"rendered":"Historia"},"content":{"rendered":"\n  \n    \n    <section class=\"u-carousel u-slide u-block-d941-1\" id=\"carousel-9a08\" data-interval=\"5000\" data-u-ride=\"carousel\">\n      <ol class=\"u-absolute-hcenter u-carousel-indicators u-block-d941-2\">\n        <li data-u-target=\"#carousel-9a08\" class=\"u-active u-grey-30\" data-u-slide-to=\"0\"><\/li>\n      <\/ol>\n      <div class=\"u-carousel-inner\" role=\"listbox\">\n        <div class=\"custom-expanded u-active u-align-center u-carousel-item u-clearfix u-image u-shading u-section-2-1\" data-image-width=\"1100\" data-image-height=\"533\" style=\"background-image: linear-gradient(0deg, rgba(0, 0, 0, 0.6), rgba(0, 0, 0, 0.6)), url(&quot;https:\/\/termotecnica.com.co\/wp-content\/uploads\/2024\/02\/Historia2.jpg&quot;);\">\n          <div class=\"u-clearfix u-sheet u-valign-middle u-sheet-1\">\n            <h3 class=\"u-align-center u-text u-text-default u-text-1\">Historia<\/h3>\n          <\/div>\n        <\/div>\n      <\/div>\n      <a class=\"u-carousel-control u-carousel-control-prev u-hidden u-text-grey-30 u-block-d941-5\" href=\"#carousel-9a08\" role=\"button\" data-u-slide=\"prev\">\n        <span aria-hidden=\"true\">\n          <svg class=\"u-svg-link\" viewBox=\"0 0 477.175 477.175\"><path d=\"M145.188,238.575l215.5-215.5c5.3-5.3,5.3-13.8,0-19.1s-13.8-5.3-19.1,0l-225.1,225.1c-5.3,5.3-5.3,13.8,0,19.1l225.1,225\n                    c2.6,2.6,6.1,4,9.5,4s6.9-1.3,9.5-4c5.3-5.3,5.3-13.8,0-19.1L145.188,238.575z\"><\/path><\/svg>\n        <\/span>\n        <span class=\"sr-only\">Previous<\/span>\n      <\/a>\n      <a class=\"u-absolute-vcenter u-carousel-control u-carousel-control-next u-hidden u-text-grey-30 u-block-d941-4\" href=\"#carousel-9a08\" role=\"button\" data-u-slide=\"next\">\n        <span aria-hidden=\"true\">\n          <svg class=\"u-svg-link\" viewBox=\"0 0 477.175 477.175\"><path d=\"M360.731,229.075l-225.1-225.1c-5.3-5.3-13.8-5.3-19.1,0s-5.3,13.8,0,19.1l215.5,215.5l-215.5,215.5\n                    c-5.3,5.3-5.3,13.8,0,19.1c2.6,2.6,6.1,4,9.5,4c3.4,0,6.9-1.3,9.5-4l225.1-225.1C365.931,242.875,365.931,234.275,360.731,229.075z\"><\/path><\/svg>\n        <\/span>\n        <span class=\"sr-only\">Siguiente<\/span>\n      <\/a>\n    <\/section>\n    <section class=\"u-clearfix u-image u-section-3\" id=\"sec-bf1c\" data-image-width=\"1140\" data-image-height=\"341\" style=\"background-image: url(&quot;https:\/\/termotecnica.com.co\/wp-content\/uploads\/2024\/02\/fondobloque3.png&quot;);\">\n      <div class=\"u-clearfix u-sheet u-valign-middle u-sheet-1\">\n        <div class=\"data-layout-selected u-clearfix u-expanded-width u-layout-wrap u-layout-wrap-1\">\n          <div class=\"u-layout\">\n            <div class=\"u-layout-row\">\n              <div class=\"u-container-style u-layout-cell u-size-18 u-layout-cell-1\">\n                <div class=\"u-container-layout u-container-layout-1\">\n                  <a href=\"https:\/\/termotecnica.com.co\/index.php\/historia\/\" class=\"u-align-left u-btn u-button-style u-custom-color-5 u-hover-custom-color-2 u-btn-1\">HISTORIA <\/a><span class=\"u-icon u-text-white u-icon-1\"><svg class=\"u-svg-link\" preserveAspectRatio=\"xMidYMin slice\" viewBox=\"0 0 41.999 41.999\" style=\"\"><use xlink:href=\"#svg-b516\"><\/use><\/svg><svg class=\"u-svg-content\" viewBox=\"0 0 41.999 41.999\" x=\"0px\" y=\"0px\" id=\"svg-b516\" style=\"enable-background:new 0 0 41.999 41.999;\"><path d=\"M36.068,20.176l-29-20C6.761-0.035,6.363-0.057,6.035,0.114C5.706,0.287,5.5,0.627,5.5,0.999v40\n\tc0,0.372,0.206,0.713,0.535,0.886c0.146,0.076,0.306,0.114,0.465,0.114c0.199,0,0.397-0.06,0.568-0.177l29-20\n\tc0.271-0.187,0.432-0.494,0.432-0.823S36.338,20.363,36.068,20.176z\"><\/path><\/svg><\/span>\n                  <a href=\"https:\/\/termotecnica.com.co\/index.php\/mision\/\" class=\"u-align-left u-btn u-button-style u-custom-color-5 u-hover-custom-color-2 u-btn-2\">MISI\u00d3N Y VISI\u00d3N <\/a><span class=\"u-icon u-text-white u-icon-2\"><svg class=\"u-svg-link\" preserveAspectRatio=\"xMidYMin slice\" viewBox=\"0 0 41.999 41.999\" style=\"\"><use xlink:href=\"#svg-f1af\"><\/use><\/svg><svg class=\"u-svg-content\" viewBox=\"0 0 41.999 41.999\" x=\"0px\" y=\"0px\" id=\"svg-f1af\" style=\"enable-background:new 0 0 41.999 41.999;\"><path d=\"M36.068,20.176l-29-20C6.761-0.035,6.363-0.057,6.035,0.114C5.706,0.287,5.5,0.627,5.5,0.999v40\n\tc0,0.372,0.206,0.713,0.535,0.886c0.146,0.076,0.306,0.114,0.465,0.114c0.199,0,0.397-0.06,0.568-0.177l29-20\n\tc0.271-0.187,0.432-0.494,0.432-0.823S36.338,20.363,36.068,20.176z\"><\/path><\/svg><\/span>\n                  <a href=\"https:\/\/termotecnica.com.co\/index.php\/valores-corporativos\/\" class=\"u-align-left u-btn u-button-style u-custom-color-5 u-hover-custom-color-2 u-btn-3\">VALORES CORPORATIVOS <\/a><span class=\"u-icon u-text-white u-icon-3\"><svg class=\"u-svg-link\" preserveAspectRatio=\"xMidYMin slice\" viewBox=\"0 0 41.999 41.999\" style=\"\"><use xlink:href=\"#svg-59f8\"><\/use><\/svg><svg class=\"u-svg-content\" viewBox=\"0 0 41.999 41.999\" x=\"0px\" y=\"0px\" id=\"svg-59f8\" style=\"enable-background:new 0 0 41.999 41.999;\"><path d=\"M36.068,20.176l-29-20C6.761-0.035,6.363-0.057,6.035,0.114C5.706,0.287,5.5,0.627,5.5,0.999v40\n\tc0,0.372,0.206,0.713,0.535,0.886c0.146,0.076,0.306,0.114,0.465,0.114c0.199,0,0.397-0.06,0.568-0.177l29-20\n\tc0.271-0.187,0.432-0.494,0.432-0.823S36.338,20.363,36.068,20.176z\"><\/path><\/svg><\/span>\n                  <a href=\"https:\/\/termotecnica.com.co\/index.php\/ventajas-competitivas\/\" class=\"u-align-left u-btn u-button-style u-custom-color-5 u-hover-custom-color-2 u-btn-4\">VENTAJAS COMPETITIVAS <\/a><span class=\"u-icon u-text-white u-icon-4\"><svg class=\"u-svg-link\" preserveAspectRatio=\"xMidYMin slice\" viewBox=\"0 0 41.999 41.999\" style=\"\"><use xlink:href=\"#svg-c28d\"><\/use><\/svg><svg class=\"u-svg-content\" viewBox=\"0 0 41.999 41.999\" x=\"0px\" y=\"0px\" id=\"svg-c28d\" style=\"enable-background:new 0 0 41.999 41.999;\"><path d=\"M36.068,20.176l-29-20C6.761-0.035,6.363-0.057,6.035,0.114C5.706,0.287,5.5,0.627,5.5,0.999v40\n\tc0,0.372,0.206,0.713,0.535,0.886c0.146,0.076,0.306,0.114,0.465,0.114c0.199,0,0.397-0.06,0.568-0.177l29-20\n\tc0.271-0.187,0.432-0.494,0.432-0.823S36.338,20.363,36.068,20.176z\"><\/path><\/svg><\/span>\n                <\/div>\n              <\/div>\n              <div class=\"u-align-justify u-container-style u-layout-cell u-size-42 u-white u-layout-cell-2\">\n                <div class=\"u-container-layout u-container-layout-2\">\n                  <p class=\"u-text u-text-1\">\n                    <span style=\"font-weight: 700;\"> Termot\u00e9cnica Coindustrial<\/span>, es una empresa que ha marcado hitos en la ingenier\u00eda colombiana. Tambi\u00e9n, se ha destacado por ser una de las primeras empresas nacionales en desarrollar proyectos de gran envergadura en diversas \u00e1reas, tanto a nivel nacional como internacional.<br>\n                    <span style=\"font-weight: 700;\">Fue fundada en&nbsp;1960&nbsp;<\/span>con el fin de efectuar el mantenimiento preventivo y correctivo de las calderas acuotubulares de Coltejer y Fabricato, en la especialidad mec\u00e1nica, el\u00e9ctrica e instrumentaci\u00f3n. Sin embargo, hoy en d\u00eda,&nbsp;Termot\u00e9cnica Coindustrial&nbsp;es reconocida por su destacada participaci\u00f3n en proyectos de diversos sectores como el de petr\u00f3leos, el de la construcci\u00f3n y el de energ\u00eda entre otros.<br>\n                    <span style=\"font-weight: 700;\">Durante los a\u00f1os&nbsp;70<\/span>, se convirti\u00f3 en la primera empresa nacional en ejecutar proyectos de montaje en el exterior, con el desarrollo hidroel\u00e9ctrico de Pisayambo en Ecuador. Por la misma \u00e9poca, particip\u00f3 en la construcci\u00f3n de la unidad de balance de la refiner\u00eda de Cartagena de Ecopetrol, la cual constituy\u00f3 su incursi\u00f3n en el sector petrolero.<br>Para&nbsp;<span style=\"font-weight: 700;\">1980<\/span>, se ocup\u00f3 del Plan de Expansi\u00f3n del Oriente Antioque\u00f1o mediante la construcci\u00f3n de las principales hidroel\u00e9ctricas: San Carlos, Calderas, Playas y Jaguas. Y, hacia 1987, dio comienzo al mantenimiento de las l\u00edneas de conducci\u00f3n de hidrocarburos en el territorio nacional.<br>Durante los a\u00f1os&nbsp;90, las actividades se encaminaron hacia el desarrollo de nuevos servicios en la industria petrolera, como son la producci\u00f3n con riesgo, la operaci\u00f3n de campos y la producci\u00f3n asociada. A partir del&nbsp;2000,&nbsp;ampli\u00f3 su l\u00ednea de negocio al sector de la construcci\u00f3n de v\u00edas y la participaci\u00f3n en importantes concesiones viales y aeroportuarias.<br>\n                    <br><b><\/b>\n                  <\/p>\n                <\/div>\n              <\/div>\n            <\/div>\n          <\/div>\n        <\/div>\n      <\/div>\n    <\/section>\n    \n    \n    \n  \n","protected":false},"excerpt":{"rendered":"<p>Historia Previous Siguiente HISTORIA MISI\u00d3N Y VISI\u00d3N VALORES CORPORATIVOS VENTAJAS COMPETITIVAS Termot\u00e9cnica Coindustrial, es una empresa que ha marcado hitos en la ingenier\u00eda colombiana. Tambi\u00e9n, se ha destacado por ser una de las primeras empresas nacionales en desarrollar proyectos de gran envergadura en diversas \u00e1reas, tanto a nivel nacional como internacional. Fue fundada en&nbsp;1960&nbsp;con el &hellip; <a href=\"https:\/\/termotecnica.com.co\/index.php\/historia\/\" class=\"more-link\">Continue reading<span class=\"screen-reader-text\"> \u00abHistoria\u00bb<\/span><\/a><\/p>\n","protected":false},"author":1,"featured_media":0,"parent":0,"menu_order":0,"comment_status":"closed","ping_status":"closed","template":"","meta":{"footnotes":""},"_links":{"self":[{"href":"https:\/\/termotecnica.com.co\/index.php\/wp-json\/wp\/v2\/pages\/121"}],"collection":[{"href":"https:\/\/termotecnica.com.co\/index.php\/wp-json\/wp\/v2\/pages"}],"about":[{"href":"https:\/\/termotecnica.com.co\/index.php\/wp-json\/wp\/v2\/types\/page"}],"author":[{"embeddable":true,"href":"https:\/\/termotecnica.com.co\/index.php\/wp-json\/wp\/v2\/users\/1"}],"replies":[{"embeddable":true,"href":"https:\/\/termotecnica.com.co\/index.php\/wp-json\/wp\/v2\/comments?post=121"}],"version-history":[{"count":8,"href":"https:\/\/termotecnica.com.co\/index.php\/wp-json\/wp\/v2\/pages\/121\/revisions"}],"predecessor-version":[{"id":1497,"href":"https:\/\/termotecnica.com.co\/index.php\/wp-json\/wp\/v2\/pages\/121\/revisions\/1497"}],"wp:attachment":[{"href":"https:\/\/termotecnica.com.co\/index.php\/wp-json\/wp\/v2\/media?parent=121"}],"curies":[{"name":"wp","href":"https:\/\/api.w.org\/{rel}","templated":true}]}}