{"id":1097,"date":"2024-07-10T18:46:52","date_gmt":"2024-07-10T16:46:52","guid":{"rendered":"https:\/\/termotecnica.com.co\/wp\/?page_id=1097"},"modified":"2024-10-22T09:53:47","modified_gmt":"2024-10-22T14:53:47","slug":"comunidades","status":"publish","type":"page","link":"https:\/\/termotecnica.com.co\/index.php\/comunidades\/","title":{"rendered":"Comunidades"},"content":{"rendered":"\n  \n    \n    <section class=\"u-carousel u-slide u-block-e648-1\" id=\"carousel-ba52\" data-interval=\"5000\" data-u-ride=\"carousel\">\n      <ol class=\"u-absolute-hcenter u-carousel-indicators u-block-e648-2\">\n        <li data-u-target=\"#carousel-ba52\" class=\"u-active u-grey-30\" data-u-slide-to=\"0\"><\/li>\n      <\/ol>\n      <div class=\"u-carousel-inner\" role=\"listbox\">\n        <div class=\"u-active u-align-center u-carousel-item u-clearfix u-image u-shading u-section-2-1\" data-image-width=\"680\" data-image-height=\"330\" style=\"background-image: linear-gradient(0deg, rgba(0, 0, 0, 0.6), rgba(0, 0, 0, 0.6)), url(&quot;https:\/\/termotecnica.com.co\/wp-content\/uploads\/2024\/02\/Mision4.jpg&quot;);\">\n          <div class=\"u-clearfix u-sheet u-valign-middle u-sheet-1\">\n            <h3 class=\"u-align-center u-text u-text-default u-text-1\">Comunidades<\/h3>\n          <\/div>\n        <\/div>\n      <\/div>\n      <a class=\"u-absolute-vcenter u-carousel-control u-carousel-control-prev u-hidden u-text-grey-30 u-block-e648-3\" href=\"#carousel-ba52\" role=\"button\" data-u-slide=\"prev\">\n        <span aria-hidden=\"true\">\n          <svg class=\"u-svg-link\" viewBox=\"0 0 477.175 477.175\"><path d=\"M145.188,238.575l215.5-215.5c5.3-5.3,5.3-13.8,0-19.1s-13.8-5.3-19.1,0l-225.1,225.1c-5.3,5.3-5.3,13.8,0,19.1l225.1,225\n                    c2.6,2.6,6.1,4,9.5,4s6.9-1.3,9.5-4c5.3-5.3,5.3-13.8,0-19.1L145.188,238.575z\"><\/path><\/svg>\n        <\/span>\n        <span class=\"sr-only\">Previous<\/span>\n      <\/a>\n      <a class=\"u-absolute-vcenter u-carousel-control u-carousel-control-next u-hidden u-text-grey-30 u-block-e648-4\" href=\"#carousel-ba52\" role=\"button\" data-u-slide=\"next\">\n        <span aria-hidden=\"true\">\n          <svg class=\"u-svg-link\" viewBox=\"0 0 477.175 477.175\"><path d=\"M360.731,229.075l-225.1-225.1c-5.3-5.3-13.8-5.3-19.1,0s-5.3,13.8,0,19.1l215.5,215.5l-215.5,215.5\n                    c-5.3,5.3-5.3,13.8,0,19.1c2.6,2.6,6.1,4,9.5,4c3.4,0,6.9-1.3,9.5-4l225.1-225.1C365.931,242.875,365.931,234.275,360.731,229.075z\"><\/path><\/svg>\n        <\/span>\n        <span class=\"sr-only\">Siguiente<\/span>\n      <\/a>\n    <\/section>\n    <section class=\"u-clearfix u-color-scheme-u10 u-container-align-center u-section-3\" id=\"sec-1c28\">\n      <div class=\"u-clearfix u-sheet u-valign-middle u-sheet-1\">\n        <div class=\"data-layout-selected u-clearfix u-expanded-width u-grey-5 u-gutter-0 u-layout-wrap u-layout-wrap-1\">\n          <div class=\"u-gutter-0 u-layout\">\n            <div class=\"u-layout-row\">\n              <div class=\"u-container-align-left u-container-style u-layout-cell u-size-60 u-layout-cell-1\">\n                <div class=\"u-container-layout u-container-layout-1\">\n                  <p class=\"u-align-justify u-text u-text-1\"> Nos hemos comprometido con las comunidades\nmediante la implementaci\u00f3n de programas que fomentan el desarrollo local y el\nbienestar de la poblaci\u00f3n y la inclusi\u00f3n social.&nbsp; Promoviendo el empleo\nlocal con salarios justos, la adquisici\u00f3n de bienes y servicios locales,\nprocurando que nuestras operaciones generen beneficios a la poblaci\u00f3n donde\ndesarrollamos nuestra operaci\u00f3n. \n&nbsp;\nTrabajamos en estrecha colaboraci\u00f3n con las\ncomunidades para identificar sus necesidades y aportar con nuestro trabajo\nsoluciones adecuadas. Adicionalmente, nos esforzamos d\u00eda a d\u00eda por minimizar el\nimpacto ambiental de nuestras operaciones promoviendo pr\u00e1cticas sostenibles y\nminimizando la emisi\u00f3n de gases efecto invernadero, logrando una operaci\u00f3n\namigable con el ambiente. Este enfoque integral refleja nuestro compromiso con\nel desarrollo inclusivo y el respeto por el entorno y sus habitantes.&nbsp;<\/p>\n                <\/div>\n              <\/div>\n            <\/div>\n          <\/div>\n        <\/div>\n      <\/div>\n    <\/section>\n    <section class=\"u-align-center u-clearfix u-section-4\" id=\"sec-b04a\">\n      <div class=\"u-clearfix u-sheet u-sheet-1\">\n        <div class=\"u-carousel u-gallery u-layout-carousel u-lightbox u-no-transition u-show-text-always u-gallery-1\" data-interval=\"5000\" data-u-ride=\"carousel\" id=\"carousel-477a\">\n          <ol class=\"u-absolute-hcenter u-carousel-indicators u-carousel-indicators-1\">\n            <li data-u-target=\"#carousel-477a\" data-u-slide-to=\"0\" class=\"u-active u-grey-70 u-shape-circle\" style=\"width: 10px; height: 10px;\"><\/li>\n            <li data-u-target=\"#carousel-477a\" data-u-slide-to=\"1\" class=\"u-grey-70 u-shape-circle\" style=\"width: 10px; height: 10px;\"><\/li>\n            <li data-u-target=\"#carousel-477a\" data-u-slide-to=\"2\" class=\"u-grey-70 u-shape-circle\" style=\"width: 10px; height: 10px;\"><\/li>\n            <li data-u-target=\"#carousel-477a\" data-u-slide-to=\"3\" class=\"u-grey-70 u-shape-circle\" style=\"width: 10px; height: 10px;\"><\/li>\n            <li data-u-target=\"#carousel-477a\" data-u-slide-to=\"4\" class=\"u-grey-70 u-shape-circle\" style=\"width: 10px; height: 10px;\"><\/li>\n            <li data-u-target=\"#carousel-477a\" data-u-slide-to=\"5\" class=\"u-grey-70 u-shape-circle\" style=\"width: 10px; height: 10px;\"><\/li>\n            <li data-u-target=\"#carousel-477a\" data-u-slide-to=\"6\" class=\"u-grey-70 u-shape-circle\" style=\"width: 10px; height: 10px;\"><\/li>\n          <\/ol>\n          <div class=\"u-carousel-inner u-gallery-inner\" role=\"listbox\">\n            <div class=\"u-active u-carousel-item u-gallery-item\">\n              <div class=\"u-back-slide\" data-image-width=\"600\" data-image-height=\"800\">\n                <img decoding=\"async\" class=\"u-back-image u-expanded u-back-image-1\" src=\"https:\/\/termotecnica.com.co\/wp-content\/uploads\/2024\/07\/FotoComunidades.jpeg\">\n              <\/div>\n              <div class=\"u-grey-90 u-over-slide u-over-slide-1\">\n                <h4 class=\"u-align-left u-gallery-heading\">Proyecto COTEMA<\/h4>\n                <p class=\"u-align-left u-gallery-text\" style=\"font-size: 0.875rem; background-image: none;\">Donaci\u00f3n de elementos deportivos a Instituci\u00f3n Etnoeducativa, Corregimiento de Nueva Colonia (Turbo - Antioquia)<\/p>\n              <\/div>\n            <\/div>\n            <div class=\"u-carousel-item u-gallery-item\">\n              <div class=\"u-back-slide\" data-image-width=\"921\" data-image-height=\"518\">\n                <img decoding=\"async\" class=\"u-back-image u-expanded\" src=\"https:\/\/termotecnica.com.co\/wp-content\/uploads\/2024\/07\/image001.png\">\n              <\/div>\n              <div class=\"u-grey-90 u-over-slide u-over-slide-2\">\n                <h4 class=\"u-align-left u-gallery-heading\">COMIT\u00c9 OPERATIVO LOCAL DE MUJER Y EQUIDAD DE GENERO <\/h4>\n                <p class=\"u-align-left u-gallery-text\" style=\"font-size: 0.875rem; background-image: none;\">Casa de la Igualdad barrio Alc\u00e1zares, Proyecto deprimido Calle 72, Bogot\u00e1 D.C<\/p>\n              <\/div>\n            <\/div>\n            <div class=\"u-carousel-item u-gallery-item\" data-image-width=\"1280\" data-image-height=\"960\">\n              <div class=\"u-back-slide\">\n                <img decoding=\"async\" class=\"u-back-image u-expanded u-back-image-3\" src=\"https:\/\/termotecnica.com.co\/wp-content\/uploads\/2024\/07\/image003.jpg\" alt=\"Consorcio Constructor UNICA\">\n              <\/div>\n              <div class=\"u-grey-90 u-over-slide u-over-slide-3\">\n                <h4 class=\"u-align-left u-gallery-heading\">Consorcio Constructor UNICA<\/h4>\n                <p class=\"u-align-left u-gallery-text\" style=\"font-size: 0.875rem; background-image: none;\">Proyecto Autopistas al Mar 2 en la UF1, realiz\u00f3 socializaci\u00f3n de avance de obra con las comunidades de las veredas La Esperanza, Imantago y Los Balsos en el municipio de Ca\u00f1asgordas.<\/p>\n              <\/div>\n              <style data-mode=\"XL\"><\/style>\n              <style data-mode=\"LG\"><\/style>\n              <style data-mode=\"MD\"><\/style>\n              <style data-mode=\"SM\"><\/style>\n              <style data-mode=\"XS\"><\/style>\n            <\/div>\n            <div class=\"u-carousel-item u-gallery-item\" data-image-width=\"634\" data-image-height=\"630\">\n              <div class=\"u-back-slide\">\n                <img decoding=\"async\" class=\"u-back-image u-expanded u-back-image-4\" src=\"https:\/\/termotecnica.com.co\/wp-content\/uploads\/2024\/07\/image002.png\" alt=\"Consorcio Constructor UNICA\">\n              <\/div>\n              <div class=\"u-grey-90 u-over-slide u-over-slide-4\">\n                <h4 class=\"u-align-left u-gallery-heading\">Consorcio Constructor UNICA<\/h4>\n                <p class=\"u-align-left u-gallery-text\" style=\"font-size: 0.875rem; background-image: none;\">proyecto Autopistas al Mar 2 en la UF1 Ca\u00f1asgordas \u2013 Uramita , realiz\u00f3 reuni\u00f3n informativa de avance de obra con el propietario, el se\u00f1or Luis Arturo Jim\u00e9nez, en la Vereda El Paso del municipio de Ca\u00f1asgordas.<\/p>\n              <\/div>\n              <style data-mode=\"XL\"><\/style>\n              <style data-mode=\"LG\"><\/style>\n              <style data-mode=\"MD\"><\/style>\n              <style data-mode=\"SM\"><\/style>\n              <style data-mode=\"XS\"><\/style>\n            <\/div>\n            <div class=\"u-carousel-item u-gallery-item\" data-image-width=\"1600\" data-image-height=\"923\">\n              <div class=\"u-back-slide\">\n                <img decoding=\"async\" class=\"u-back-image u-expanded u-back-image-5\" src=\"https:\/\/termotecnica.com.co\/wp-content\/uploads\/2024\/07\/FotoCambioporactividaddeninos.jpg\" alt=\"Sembrando Semillas\">\n              <\/div>\n              <div class=\"u-grey-90 u-over-slide u-over-slide-5\">\n                <h4 class=\"u-align-left u-gallery-heading\">Sembrando Semillas<\/h4>\n                <p class=\"u-align-left u-gallery-text\" style=\"font-size: 0.875rem; background-image: none;\">Jornada de promoci\u00f3n y protecci\u00f3n de los derechos humanos en los ni\u00f1os, Corregimiento: Nueva Colonia, Turbo \u2013 Antioquia.<\/p>\n              <\/div>\n              <style data-mode=\"XL\"><\/style>\n              <style data-mode=\"LG\"><\/style>\n              <style data-mode=\"MD\"><\/style>\n              <style data-mode=\"SM\"><\/style>\n              <style data-mode=\"XS\"><\/style>\n            <\/div>\n            <div class=\"u-carousel-item u-gallery-item\" data-image-width=\"1475\" data-image-height=\"935\">\n              <div class=\"u-back-slide\">\n                <img decoding=\"async\" class=\"u-back-image u-expanded u-back-image-6\" src=\"https:\/\/termotecnica.com.co\/wp-content\/uploads\/2024\/06\/Imagen8.png\" alt=\"Proyecto HOCOL\">\n              <\/div>\n              <div class=\"u-grey-90 u-over-slide u-over-slide-6\">\n                <h4 class=\"u-align-left u-gallery-heading\">Proyecto HOCOL<\/h4>\n                <p class=\"u-align-left u-gallery-text\" style=\"font-size: 0.875rem; background-image: none;\">Reuni\u00f3n inicial de socializaci\u00f3n del proyecto ante la comunidad del resguardo ind\u00edgena Awualiba, ubicado en Puerto Gait\u00e1n, Meta<\/p>\n              <\/div>\n              <style data-mode=\"XL\"><\/style>\n              <style data-mode=\"LG\"><\/style>\n              <style data-mode=\"MD\"><\/style>\n              <style data-mode=\"SM\"><\/style>\n              <style data-mode=\"XS\"><\/style>\n            <\/div>\n            <div class=\"u-carousel-item u-gallery-item\" data-image-width=\"774\" data-image-height=\"513\">\n              <div class=\"u-back-slide\">\n                <img decoding=\"async\" class=\"u-back-image u-expanded u-back-image-7\" src=\"https:\/\/termotecnica.com.co\/wp-content\/uploads\/2024\/07\/reunion.png\" alt=\"Proyecto San Francisco\">\n              <\/div>\n              <div class=\"u-grey-90 u-over-slide u-over-slide-7\">\n                <h4 class=\"u-align-left u-gallery-heading\">Proyecto San Francisco<\/h4>\n                <p class=\"u-align-left u-gallery-text\" style=\"font-size: 0.875rem; background-image: none;\">Reuni\u00f3n de Socializaci\u00f3n del proyecto a la comunidad de la Vereda Minchoy, municipio de San Francisco.<\/p>\n              <\/div>\n              <style data-mode=\"XL\"><\/style>\n              <style data-mode=\"LG\"><\/style>\n              <style data-mode=\"MD\"><\/style>\n              <style data-mode=\"SM\"><\/style>\n              <style data-mode=\"XS\"><\/style>\n            <\/div>\n          <\/div>\n          <a class=\"u-absolute-vcenter u-carousel-control u-carousel-control-prev u-grey-70 u-icon-circle u-opacity u-opacity-70 u-spacing-10 u-text-white u-carousel-control-1\" href=\"#carousel-477a\" role=\"button\" data-u-slide=\"prev\">\n            <span aria-hidden=\"true\">\n              <svg viewBox=\"0 0 451.847 451.847\"><path d=\"M97.141,225.92c0-8.095,3.091-16.192,9.259-22.366L300.689,9.27c12.359-12.359,32.397-12.359,44.751,0\nc12.354,12.354,12.354,32.388,0,44.748L173.525,225.92l171.903,171.909c12.354,12.354,12.354,32.391,0,44.744\nc-12.354,12.365-32.386,12.365-44.745,0l-194.29-194.281C100.226,242.115,97.141,234.018,97.141,225.92z\"><\/path><\/svg>\n            <\/span>\n            <span class=\"sr-only\">\n              <svg viewBox=\"0 0 451.847 451.847\"><path d=\"M97.141,225.92c0-8.095,3.091-16.192,9.259-22.366L300.689,9.27c12.359-12.359,32.397-12.359,44.751,0\nc12.354,12.354,12.354,32.388,0,44.748L173.525,225.92l171.903,171.909c12.354,12.354,12.354,32.391,0,44.744\nc-12.354,12.365-32.386,12.365-44.745,0l-194.29-194.281C100.226,242.115,97.141,234.018,97.141,225.92z\"><\/path><\/svg>\n            <\/span>\n          <\/a>\n          <a class=\"u-absolute-vcenter u-carousel-control u-carousel-control-next u-grey-70 u-icon-circle u-opacity u-opacity-70 u-spacing-10 u-text-white u-carousel-control-2\" href=\"#carousel-477a\" role=\"button\" data-u-slide=\"next\">\n            <span aria-hidden=\"true\">\n              <svg viewBox=\"0 0 451.846 451.847\"><path d=\"M345.441,248.292L151.154,442.573c-12.359,12.365-32.397,12.365-44.75,0c-12.354-12.354-12.354-32.391,0-44.744\nL278.318,225.92L106.409,54.017c-12.354-12.359-12.354-32.394,0-44.748c12.354-12.359,32.391-12.359,44.75,0l194.287,194.284\nc6.177,6.18,9.262,14.271,9.262,22.366C354.708,234.018,351.617,242.115,345.441,248.292z\"><\/path><\/svg>\n            <\/span>\n            <span class=\"sr-only\">\n              <svg viewBox=\"0 0 451.846 451.847\"><path d=\"M345.441,248.292L151.154,442.573c-12.359,12.365-32.397,12.365-44.75,0c-12.354-12.354-12.354-32.391,0-44.744\nL278.318,225.92L106.409,54.017c-12.354-12.359-12.354-32.394,0-44.748c12.354-12.359,32.391-12.359,44.75,0l194.287,194.284\nc6.177,6.18,9.262,14.271,9.262,22.366C354.708,234.018,351.617,242.115,345.441,248.292z\"><\/path><\/svg>\n            <\/span>\n          <\/a>\n        <\/div>\n      <\/div>\n    <\/section>\n    <section class=\"u-align-center u-clearfix u-container-align-center u-section-5\" id=\"sec-2ef5\">\n      <div class=\"u-clearfix u-sheet u-valign-middle u-sheet-1\">\n        <h3 class=\"u-align-center u-text u-text-default u-text-1\"> Video: paso a paso, as\u00ed se construy\u00f3 la escuela de Labranzagrande<\/h3>\n        <p class=\"u-align-center u-text u-text-2\"> El Grupo Empresarial Ethuss fue el encargado de la construcci\u00f3n de la escuela I.E. Valent\u00edn Garc\u00eda en Labranzagrande.<\/p>\n        <div class=\"u-uploaded-video u-video u-video-1\">\n          <div class=\"embed-responsive\">\n            <video class=\"embed-responsive-item\">\n              <source src=\"https:\/\/termotecnica.com.co\/wp-content\/uploads\/2024\/10\/Escuela_Ethuss_web1.mp4\" type=\"video\/mp4\">\n              <p>Your browser does not support HTML5 video.<\/p>\n            <\/video>\n            <button class=\"u-video-poster\"><\/button>\n          <\/div>\n        <\/div>\n      <\/div>\n    <\/section>\n    \n    \n    \n  \n","protected":false},"excerpt":{"rendered":"<p>Comunidades Previous Siguiente Nos hemos comprometido con las comunidades mediante la implementaci\u00f3n de programas que fomentan el desarrollo local y el bienestar de la poblaci\u00f3n y la inclusi\u00f3n social.&nbsp; Promoviendo el empleo local con salarios justos, la adquisici\u00f3n de bienes y servicios locales, procurando que nuestras operaciones generen beneficios a la poblaci\u00f3n donde desarrollamos nuestra &hellip; <a href=\"https:\/\/termotecnica.com.co\/index.php\/comunidades\/\" class=\"more-link\">Continue reading<span class=\"screen-reader-text\"> \u00abComunidades\u00bb<\/span><\/a><\/p>\n","protected":false},"author":1,"featured_media":0,"parent":0,"menu_order":0,"comment_status":"closed","ping_status":"closed","template":"","meta":{"footnotes":""},"_links":{"self":[{"href":"https:\/\/termotecnica.com.co\/index.php\/wp-json\/wp\/v2\/pages\/1097"}],"collection":[{"href":"https:\/\/termotecnica.com.co\/index.php\/wp-json\/wp\/v2\/pages"}],"about":[{"href":"https:\/\/termotecnica.com.co\/index.php\/wp-json\/wp\/v2\/types\/page"}],"author":[{"embeddable":true,"href":"https:\/\/termotecnica.com.co\/index.php\/wp-json\/wp\/v2\/users\/1"}],"replies":[{"embeddable":true,"href":"https:\/\/termotecnica.com.co\/index.php\/wp-json\/wp\/v2\/comments?post=1097"}],"version-history":[{"count":14,"href":"https:\/\/termotecnica.com.co\/index.php\/wp-json\/wp\/v2\/pages\/1097\/revisions"}],"predecessor-version":[{"id":1512,"href":"https:\/\/termotecnica.com.co\/index.php\/wp-json\/wp\/v2\/pages\/1097\/revisions\/1512"}],"wp:attachment":[{"href":"https:\/\/termotecnica.com.co\/index.php\/wp-json\/wp\/v2\/media?parent=1097"}],"curies":[{"name":"wp","href":"https:\/\/api.w.org\/{rel}","templated":true}]}}